)) + 15/5 is divided by 29.
11
Suppose -b - 122 = -2*n, 0 = -27*b + 24*b + n - 386. Let w = 536 - 343. Let d = b + w. What is the remainder when d is divided by 33?
30
Let v(m) = -m**2 - 40*m - 29. Calculate the remainder when v(-8) is divided by 62.
41
Let k = 706 + -637. What is the remainder when k is divided by 2*(-1)/((-2)/9)?
6
Let z = 10824 + -10794. Calculate the remainder when 3055 is divided by z.
25
Let g(z) = 19*z - 26. Let u be g(16). Let h = -240 + u. What is the remainder when h is divided by 22?
16
Let n(k) = -6*k**2 + 52*k - 26. Let x(v) = 7*v**2 - 52*v + 24. Let f(w) = 3*n(w) + 2*x(w). Calculate the remainder when 63 is divided by f(12).
9
Let n(g) = 79*g**2 - 29*g + 57. What is the remainder when 1010 is divided by n(2)?
65
Suppose -16*i = -18*i - 2. Let g be -6 - (1 - -2)/i. Calculate the remainder when (-246)/g - (1 + 4) is divided by 26.
25
Suppose 734 = 8*g - 898. Suppose m + 11*m - g = 0. What is the remainder when 82 is divided by m?
14
Suppose 9*q + 95211 = 439470. Calculate the remainder when q/203 + (-6)/14 is divided by 38.
36
Let j(v) = 4*v**2 + 12*v. Let a be j(-5). Let z = 96 - a. Calculate the remainder when z is divided by 25.
6
Let o(b) = 55*b**2 - 60*b + 5. What is the remainder when o(-3) is divided by 43?
35
Let h = -422 - -591. Suppose -2*s + d = -h, -5*s + 4*d + 430 = -0*d. What is the remainder when s is divided by (-2)/(-7) - (-82)/7?
10
Let a(j) = -j**3 + 13*j**2 - 5*j + 8. What is the remainder when 330 is divided by a(12)?
54
Let v(r) = -r**3 - 14*r**2 - 13*r + 7. Let l be -5*(-2 - (-88)/20). Let w = l + 22. What is the remainder when w is divided by v(-13)?
3
Suppose 3*j - 4*j + 72 = 2*x, 2*x = 4*j - 308. What is the remainder when 568 is divided by 6/8 + 1083/j?
13
Let o = 3816 - 3808. What is the remainder when 607 is divided by o?
7
Let n = -5 - -7. Let r be 5 - (-10)/n*(-6)/30. Suppose 2*k + 253 = r*c - k, c = 4*k + 73. What is the remainder when c is divided by 21?
19
Let o = -62 - -93. Suppose -q - 4*q - 3*t + 637 = 0, 4*t + 4 = 0. Suppose -14*u - 2*u = -q. What is the remainder when o is divided by u?
7
Let z(x) = 10*x - 628. Let p be (-596)/(-9) - 2/9. Suppose -3*g + 93 = -2*g. Calculate the remainder when g is divided by z(p).
29
Suppose 0 = -2*j + j + 69. Let v(h) = -10*h + 20. Let p be v(-4). Suppose -71 = -5*n + d - 17, -4*n + p = -5*d. What is the remainder when j is divided by n?
9
Suppose 0 = -6*j + 9 + 21. Suppose j*z - 100 = -0*z. Calculate the remainder when z is divided by 7.
6
Let x(u) = -2*u**3 + 74*u**2 - 93*u - 184. Calculate the remainder when x(35) is divided by 246.
231
Let f(c) = 2*c - 38. Suppose -2*y + 4*g = y - 457, -5*y + 4*g = -767. Calculate the remainder when y is divided by f(29).
15
Suppose -390 = -m + 2*p + 712, 2*m - p = 2204. Calculate the remainder when m is divided by 16.
14
Let n(o) = -2*o**3 - 4*o**2 - 163*o - 484. What is the remainder when 1103 is divided by n(-3)?
22
Suppose 78*h + 3*h = 38799. What is the remainder when h is divided by 96?
95
Suppose -10 = -2*v - 3*l + 8*l, -4*v + 3*l = -48. Let m(z) = -8*z + 130. What is the remainder when 187 is divided by m(v)?
7
Let s(b) = b**2 + 84*b - 843. Calculate the remainder when 1209 is divided by s(-95).
199
Let r = 370 - 299. Let h be (-2 - 23)*(6/3)/(-2). Calculate the remainder when r is divided by 23*1 - (-21 + h).
14
Suppose 18*n - 171 = -n. Suppose 0 = 15*j + n*j - 216. What is the remainder when 125 is divided by j?
8
Let s(o) = 19*o + 8*o - 17*o + 298. What is the remainder when 811 is divided by s(-24)?
57
Let g(h) = -91*h - 1568. What is the remainder when 258 is divided by g(-18)?
48
Let m = -10 + 36. Suppose -r - 5*f = -91, -r + 60 + m = 4*f. Calculate the remainder when r is divided by 21.
3
Let r(a) = a**3 + 8*a**2 - 8*a + 4. Let v be r(-7). Let n = v + -103. Calculate the remainder when -3*(-4)/n*38/2 is divided by 13.
12
Calculate the remainder when 2972 is divided by 1 + ((-10)/70 - 64/(-56)).
0
Suppose 31*f - 45900 = -20*f. What is the remainder when f is divided by 17?
16
Suppose t - 2*p = 608, -10*p + 5 = -5*p. What is the remainder when t is divided by 76?
2
Suppose s = 2*y - 12, -44*s - 24 = -4*y - 49*s. Calculate the remainder when 387 is divided by y.
3
Suppose -521*d - 10852 + 189034 = 0. Let w = -57 - -80. What is the remainder when d is divided by w?
20
Suppose 0 = -9*x + 12*x - 4*f + 23, 3*f = 4*x + 19. Let a(s) = 540*s**2 - 2*s - 3. Calculate the remainder when a(x) is divided by 45.
44
Let g(w) = 14*w - 1144. Suppose 3*m + 4*u = 477, -u - 4*u + 318 = 2*m. Calculate the remainder when m is divided by g(83).
15
Let y(p) = -192*p**3 - 2*p**2 - 27*p - 26. Calculate the remainder when 4392 is divided by y(-1).
190
Suppose -7*l - 1840 = -53*l. Calculate the remainder when 13638 is divided by l.
38
Let f be (432/14)/((-2)/(-56)). Suppose -6*y = -0*y - f. Calculate the remainder when (-2 - (-16)/6)/(3/y) is divided by 7.
4
Suppose 4*s - 184 = -2*w, 1354*w - 1351*w - 213 = 3*s. What is the remainder when 176 is divided by w?
20
Let t(a) = a**2 + 9*a + 4. Let o be t(3). Let g = o + -23. Suppose 20*y - 72 = g*y. Calculate the remainder when 46 is divided by y.
22
Suppose -4*o = 5*d - 8477, -d + 1702 = -0*d + 3*o. Calculate the remainder when d is divided by 32.
29
Let r = 77 + -45. Let t = -430 - -435. Suppose -t*f = -2*f - 33. What is the remainder when r is divided by f?
10
Let o(k) = k**2 + 4*k - 91. Let s be o(8). Suppose 3*c = -3*j + 60, 4*j - 85 = -0*j - s*c. What is the remainder when 15 is divided by j?
0
Let z = 2657 - 2436. Calculate the remainder when z is divided by 66.
23
Let s(y) = y**2 - 41*y - 198. What is the remainder when s(66) is divided by 91?
87
Suppose -128*t - 1375 = -139*t. Suppose -138*a + t*a = -390. Calculate the remainder when a is divided by 11.
8
Let h(j) = j**3 - 67*j**2 + 197*j + 341. Calculate the remainder when h(64) is divided by 6.
1
Suppose -7*r + 4 = -o - 11*r, 2*o - 4*r = 4. Suppose -17*v - 6*v + 920 = o. What is the remainder when 115 is divided by v?
35
Suppose r - 9*r = -24. Let t(w) = 2*w**2 - 5*w. Let d be t(r). Suppose 2*l - 60 = 2*z, -3*z = d*l - 2*z - 78. Calculate the remainder when 98 is divided by l.
17
Suppose 0 = -12*j + 3*j + 45. Suppose -8*g + 3*g + 220 = j*r, -3 = r. Calculate the remainder when g is divided by 17.
13
Let x be (-2)/6 - (-2780)/60. Let l = x - -49. Calculate the remainder when l is divided by 31.
2
Suppose -61 = -5*r + 94. Suppose o + 243 = 5*g, 150 = -g + 4*g - 2*o. Suppose 0 = -4*h + 8, 0*h - 2*h = 4*d - g. What is the remainder when r is divided by d?
9
Let b(z) = -19*z + 55. Suppose 0 = 7*o - 8*o + 70. Calculate the remainder when o is divided by b(1).
34
Suppose -19*d + 1366 - 112 = 0. What is the remainder when 3423 is divided by d?
57
Suppose 0 = -3*k - 29 - 19. What is the remainder when ((-11600)/15)/k + 4/6 is divided by 17?
15
Let g be (28/(-10))/(1/(-5)). Let y be (-2)/(-14) + (-124659)/(-567). Suppose -y = 3*t - g*t. Calculate the remainder when 39 is divided by t.
19
Suppose 0 = -572*t + 2829 + 1747. Calculate the remainder when 2515 is divided by t.
3
Let g = -6992 + 7044. What is the remainder when 5250 is divided by g?
50
Let l(s) = -s**3 - 4*s**2 + 6*s + 10. Let m be l(-5). Suppose m*b - 765 = -4*b. Calculate the remainder when b is divided by 22.
19
What is the remainder when 332 is divided by ((-1900)/(-80))/(20/16)?
9
Suppose -60*d = -64*d + 1000. Calculate the remainder when d is divided by -1 - (16/12 - 2358/27).
80
Suppose 60*p - 4536 = -435*p + 34569. What is the remainder when 8607 is divided by p?
75
Suppose t = 5*t - 144. Suppose 0 = 6*z - 204953 - 38563. Calculate the remainder when z/286 + 1/11 is divided by t.
34
Suppose -l = -5*l + 1024. Suppose l = 9*q - q. Suppose p - q = 4*v, -2*p - v = -4*v - 69. Calculate the remainder when 67 is divided by p.
31
Let w(a) = -a**3 + 3*a**2 - 4*a + 1. Let m be w(-5). Suppose m - 326 = -7*v. Suppose 2*j = -0*j + 138. What is the remainder when j is divided by v?
9
Let n(w) = -2*w**2 - 17*w - 15. Let h be n(-7). Suppose -79 = -h*i - 31. Let y = 2 + 7. What is the remainder when y is divided by i?
1
Suppose -3174*u = -3149*u - 6175. What is the remainder when 505 is divided by u?
11
Suppose 0 = -31*k + 7*k + 240. Let i = 42 + k. What is the remain